. Suppose n*d + 58 = 4*d. Suppose 9 = -2*x + d. What are the prime factors of x?
2, 5
Let i be -55 - -3 - -1 - 0. Let k = i + 89. What are the prime factors of k?
2, 19
Let m = -1 - -9. Let g = 12 - 7. Suppose m = -u + g*u. What are the prime factors of u?
2
Suppose -o = 2*n - 44, 5*n - 124 = -0*n + o. Suppose 2*t - 5*t + n = 0. What are the prime factors of t?
2
Let b = 59 - 54. Let s = 6 + -4. Suppose 0 = s*l - b*l + 2*j + 20, 0 = 2*l - 3*j - 20. What are the prime factors of l?
2
Let n = 61 - 18. What are the prime factors of n?
43
Let w(f) = f - 1. Let c(u) = -u**3 - 5*u**2 - 2*u + 5. Let j(r) = c(r) + 2*w(r). Let o(a) = -2*a + 7. Let t be o(6). What are the prime factors of j(t)?
3
Let b(h) = 5*h**3 - h**2 - h - 2. What are the prime factors of b(2)?
2
Suppose -5*i + 15 = -5. Suppose -g + 67 = 5*t, i*t = 6*g - g + 42. What are the prime factors of t?
13
Suppose -82 + 26 = -4*j. What are the prime factors of j?
2, 7
Suppose 4*w = -w. Suppose 5*a + 80 = 7*a. Suppose j + j - a = w. List the prime factors of j.
2, 5
Let y(l) = l**2 - 17*l - 12. What are the prime factors of y(22)?
2, 7
Let w(a) = 71*a + 5. Let k(p) = -24*p - 2. Let l(c) = -8*k(c) - 3*w(c). Let n be l(-1). Suppose -n = -5*z + 8. What are the prime factors of z?
2, 3
Let b = -84 + 170. What are the prime factors of b?
2, 43
Let o(z) = 5*z**3 - 5*z**2 - 5. Let w(u) = 14*u**3 - 14*u**2 - 14. Let m(s) = 8*o(s) - 3*w(s). List the prime factors of m(-2).
2, 13
Suppose -6*b - 38 = -8*b. List the prime factors of b.
19
Let f be (1 + -1)/(1/(-1)). Let c be -2 + (0 - (f + -2)). Suppose c*j = 4*j - 8. What are the prime factors of j?
2
Let c be 5*(-6)/2*1. Let x = c - -9. Let b(q) = -2*q - 5. What are the prime factors of b(x)?
7
List the prime factors of (18/(-45))/(1/(-70)).
2, 7
Suppose -o + p + 19 = 2*o, -2*p - 2 = 0. Let w = -1 - o. Let h = w + 14. List the prime factors of h.
7
Suppose 3*t + t = -4*d + 944, 4*t - 710 = -3*d. What are the prime factors of d?
2, 3, 13
Let h(w) = w**3 - 6*w**2 + 9*w - 6. Let t be h(6). Suppose 3*o - 4*s = 37, 4*o - 4*s - s - t = 0. List the prime factors of o.
7
Let o = -6 + 10. Let r = o - 0. Suppose -12 - 4 = -r*s. List the prime factors of s.
2
Suppose -3*b = -4*b + 7. Let l = -4 + b. Suppose -11 = l*q + 4, 5*q = d - 31. List the prime factors of d.
2, 3
Let q(p) = -10*p**3 - 3*p**2 - 4*p + 2. List the prime factors of q(-2).
2, 3, 13
Let m = 80 + -57. List the prime factors of m.
23
Let v = 1 - 1. Let j be -1 + (v - -2) + 4. Suppose 3*d = 6, 4*t = t - j*d + 34. List the prime factors of t.
2
Let t = 15 - -15. Let r = -30 - -43. Let p = t - r. What are the prime factors of p?
17
Let x(u) = -u**2 - 22*u - 14. List the prime factors of x(-16).
2, 41
Let h be -1 + 35 - (9 + -8). List the prime factors of h + ((-1)/1 - -3).
5, 7
Let a(b) = 2*b**3 + 2*b**2 - 1. Let p be a(-2). Suppose 0 = m + 2*m. Let t = m - p. What are the prime factors of t?
3
Let n = -5 + 5. Suppose -g - 3 = -n*g. Let v = g - -5. List the prime factors of v.
2
Let l be (1 - (0 + 2))*1. Let j be 5*(l - 6/(-3)). Suppose 4*x - 2*a - 24 = 0, -a = -4*x + 3*x + j. List the prime factors of x.
7
Let b = -30 - -20. Let u = b - -12. What are the prime factors of (130/(-25))/(u/(-5))?
13
Let t(p) = -16*p - 4. List the prime factors of t(-2).
2, 7
Let v = 150 - 113. What are the prime factors of v?
37
Let p be 1/(-3) + (-40)/(-30). Suppose i - 27 = p. List the prime factors of i.
2, 7
Suppose -5 = -2*q + 7. Let i = -4 + q. Suppose -w = -i*w + 12. What are the prime factors of w?
2, 3
Suppose 4*i - a = -12, 22 = -3*i + 5*a - 4. What are the prime factors of 29 + i + (-1 - 3)?
23
Suppose 0*w = -2*w + 120. Suppose 0 = -2*g - 3*g + w. What are the prime factors of g?
2, 3
Suppose j = -4*c - 3*j + 80, -c + j + 16 = 0. List the prime factors of 20/3 + (-12)/c.
2, 3
Suppose -45 = j - 6*j. List the prime factors of 0 + 2 + j + -2.
3
What are the prime factors of 48 + (-2 - 1*-6)?
2, 13
Let m(c) = -3*c**3 + c + 1. What are the prime factors of m(-2)?
23
Let h(s) = -34*s - 28. List the prime factors of h(-8).
2, 61
Suppose -2*d - 2*d - 28 = -4*m, 4*d = -16. Suppose 42 = m*r + 9. What are the prime factors of r?
11
Suppose -21*i = -18*i - 312. What are the prime factors of i?
2, 13
Let r(a) = -a**3 - 20*a**2 + 14*a + 14. List the prime factors of r(-21).
7, 23
Suppose 2*m - 10 - 76 = 0. Let p = -29 + m. What are the prime factors of p?
2, 7
Let z(c) = 16*c**3 - 2*c**2. Let i be z(-1). List the prime factors of (21/(-9))/(3/i).
2, 7
Suppose -2*b + 6*b - 8 = 0. Suppose 72 = 4*v - b*v. Let k = -21 + v. List the prime factors of k.
3, 5
Suppose 0 = 4*c + 4, 2 = z + 5*c - c. What are the prime factors of z?
2, 3
Let k(j) = 21*j - 6. List the prime factors of k(4).
2, 3, 13
Suppose -h = -4*j + 62 + 55, 0 = -j - 2*h + 27. What are the prime factors of j?
29
Suppose 2*k = 0, 0*j - 2*j + 2*k = 0. Let f(a) = -3*a + 3*a + 7 + 3*a - 2*a. List the prime factors of f(j).
7
Suppose 15 + 24 = 3*s. List the prime factors of s.
13
Let y(k) = 6*k**3 + 9*k**2 + 3*k + 1. Let z(x) be the first derivative of -x**4/4 + x**2/2 - x + 1. Let p(g) = -y(g) - 5*z(g). List the prime factors of p(-8).
2
List the prime factors of (-472)/(-26) - 4/26.
2, 3
Let i = 689 + -359. What are the prime factors of i?
2, 3, 5, 11
Let q = 11 + -9. Suppose -q*p = -0*p - 28. What are the prime factors of p?
2, 7
Let c(u) = -u**3 + 2*u**2 - 4*u + 8. What are the prime factors of c(-5)?
7, 29
Let z = 83 - 50. List the prime factors of z.
3, 11
Let r(n) be the first derivative of -n**4/4 - 3*n**3 + 5*n**2 + 6*n - 1. What are the prime factors of r(-10)?
2, 3
Let f be (1 - -1) + 0 - 2. Let b(a) = a**2 - 4*a + 0*a + 3 + f*a**2. What are the prime factors of b(5)?
2
What are the prime factors of (-48)/1*(-8 - -7)?
2, 3
Let x = 141 - 77. What are the prime factors of x?
2
Let u(y) = -13*y + 3. Let h be u(-10). Let d = h + -77. Suppose 0 = -2*j + 5*s + d, -2*j - 5*s = -3*j + 38. List the prime factors of j.
2, 3
Suppose -3*b - 27 = -10*a + 5*a, 3*a - 5*b - 29 = 0. Suppose 8*d - a*d = 110. What are the prime factors of d?
2, 11
Suppose -114 = -h - m, 234 = 2*h - 2*m + 6. What are the prime factors of h?
2, 3, 19
Suppose -229 = -4*j - 45. Suppose -3*k + q + j = 3*q, 2 = q. What are the prime factors of k?
2, 7
Let t = -6 + 3. Let r be 2/2*(t + 12). What are the prime factors of r/2 + 1/(-2)?
2
Let t(d) = d**2 - 3*d - 37. List the prime factors of t(12).
71
Suppose -5*k + k = -92. List the prime factors of k.
23
Let h(t) = t**2 + 3*t - 48. List the prime factors of h(18).
2, 3, 5, 11
Let v(c) = -c**2 + 29*c - 23. What are the prime factors of v(12)?
181
Suppose 620 = -13*v + 1712. What are the prime factors of v?
2, 3, 7
Let f(s) = s**2 - 8*s - 11. Suppose -5 = 3*k + 2*k. Let g be (2/(-1) - k)*-10. List the prime factors of f(g).
3
Suppose f + 7 = -3. Let u(o) = -o + 3. What are the prime factors of u(f)?
13
Let m = 5 - 5. Suppose 5*k + 3*l - 126 = m, 0 = 2*k - 3*l - 3 - 39. Let i = k - 4. What are the prime factors of i?
2, 5
Let t(h) = h**2 - 3*h + 1. Let w be t(1). What are the prime factors of (-17)/3*(w + -2)?
17
Suppose 0 = -3*v + 2*y - 0 + 4, -5*y - 3 = -4*v. Suppose v = -p + 18. List the prime factors of p.
2
Let a = 12 + -7. Let t = 30 - 26. Let w = t + a. What are the prime factors of w?
3
Suppose -q = 5*c - 373, -2*c - c = 5*q - 237. What are the prime factors of c?
2, 37
Suppose 16 = -2*s + 4*s. Suppose 2*d + 10 + s = 0. Let b = d - -18. What are the prime factors of b?
3
Let j(y) = 5*y**3 - y**2 - y + 1. Let i be j(1). Suppose -i*o = 19 - 47. Suppose o*q - 13 = 6*q. List the prime factors of q.
13
Suppose -3*c - 6 + 34 = t, c - 16 = 3*t. What are the prime factors of c?
2, 5
Let t(b) = 2*b - 2. Let z be t(3). Suppose z*w = -i + 48, 3*i + 4*w - 6*w - 74 = 0. What are the prime factors of i?
2, 7
Let n(x) = 10*x + 2. Let t = -11 - -15. What are the prime factors of n(t)?
2, 3, 7
Let t = 4 + 0. Suppose t*k + i - 36 = 0, -k = -3*i + 5*i - 9. Let f(y) = -y**3 + 10*y**2 - 7*y - 6. List the prime factors of f(k).
2, 3
Let y = -496 + 824. What are the prime factors of y?
2, 41
Suppose 4*x = x - 15. What are the prime factors of (-10)/25 - 122/x?
2, 3
Let p(x) = 5*x**3 - x**2 - x + 1. Let q(y) = -y**3 - y**2. Let g(s) = p(s) + 3*q(s). List the prime fa